{"id":71,"date":"2020-04-22T11:42:37","date_gmt":"2020-04-22T11:42:37","guid":{"rendered":"http:\/\/roberts-unterkunft.com\/?page_id=71"},"modified":"2020-04-29T21:34:08","modified_gmt":"2020-04-29T21:34:08","slug":"anfahrt","status":"publish","type":"page","link":"https:\/\/roberts-unterkunft.com\/?page_id=71","title":{"rendered":"Anfahrt"},"content":{"rendered":"\n<div id=\"wpgmza_map\" class=\"wpgmza_map\" data-settings='{\"id\":\"1\",\"map_title\":\"Meine erste Karte\",\"map_width\":\"100\",\"map_height\":\"400\",\"map_start_lat\":\"50.392170\",\"map_start_lng\":\"7.384929\",\"map_start_location\":\"50.39216975892998,7.3849292937037\",\"map_start_zoom\":\"6\",\"default_marker\":\"0\",\"type\":\"1\",\"alignment\":\"4\",\"directions_enabled\":\"1\",\"styling_enabled\":\"0\",\"styling_json\":\"\",\"active\":\"0\",\"kml\":\"\",\"bicycle\":\"0\",\"traffic\":\"0\",\"dbox\":\"1\",\"dbox_width\":\"100\",\"listmarkers\":\"0\",\"listmarkers_advanced\":\"0\",\"filterbycat\":\"0\",\"ugm_enabled\":\"0\",\"ugm_category_enabled\":\"0\",\"fusion\":\"\",\"map_width_type\":\"\\\\%\",\"map_height_type\":\"px\",\"mass_marker_support\":\"1\",\"ugm_access\":\"0\",\"order_markers_by\":\"1\",\"order_markers_choice\":\"2\",\"show_user_location\":\"0\",\"default_to\":\"\",\"other_settings\":{\"store_locator_enabled\":2,\"store_locator_distance\":2,\"store_locator_default_radius\":10,\"store_locator_not_found_message\":\"No results found in this location. Please try again.\",\"store_locator_bounce\":1,\"store_locator_query_string\":\"ZIP \\\/ Address:\",\"store_locator_default_address\":\"\",\"wpgmza_store_locator_restrict\":\"\",\"wpgmza_store_locator_radius_style\":\"modern\",\"map_max_zoom\":\"1\",\"transport_layer\":0,\"wpgmza_show_points_of_interest\":0,\"wpgmza_auto_night\":0}}' data-map-id='1' Data-maps-engine='open-layers' data-shortcode-attributes='{\"id\":\"1\"}' style=\"display:block; overflow:auto; width:100%; height:400px; float:left;\"><\/div>\n\n\n\n<h2 class=\"has-text-align-center wp-block-heading\">Wegbeschreibung<\/h2>\n\n\n\n<p>Unsere kleine Unterkunft befindet sich in der Waldstra\u00dfe 6 in 56332 Dieblich\/ Mariaroth im Hunsr\u00fcck. <\/p>\n\n\n\n<p>Von der Mosel kommend \u00fcber die B 49 biegt man schr\u00e4g gegen\u00fcber von Winningen bei der Burgsch\u00e4nke ab und f\u00e4hrt zun\u00e4chst auf der L208 durch das wundersch\u00f6ne Kondertal Richtung Waldesch. Kurz bevor der Anstieg aufh\u00f6rt befindet sich auf der rechten Seite eine steile Rechtskurve, welche durch die letzte Schlucht vor Mariaroth und \u00fcber den Konderbach f\u00fchrt. <\/p>\n\n\n\n<p>Von Koblenz \/ oder der A 61 aus f\u00e4hrt man \u00fcber die B 327 bis nach Waldesch, wo man auf die Rhenser Stra\u00dfe abbiegt und anschlie\u00dfend durch den Ort f\u00e4hrt. Am Ende des Ortes befindet sich ein Kreisel. Hinter dem Kreisel befindet sich auf der linken Seite die Abzweigung durch das Kondertal, welche nach Mariaroth f\u00fchrt.<\/p>\n\n\n\n<p>Unsere Unterkunft liegt mitten im Herz von Mariaroth, direkt neben dem Dorfplatz des Ortes, welcher von der Kappelle und dem gro\u00dfen Kastanienbaum umgeben ist. <\/p>\n","protected":false},"excerpt":{"rendered":"<p>Wegbeschreibung Unsere kleine Unterkunft befindet sich in der Waldstra\u00dfe 6 in 56332 Dieblich\/ Mariaroth im Hunsr\u00fcck. Von der Mosel kommend \u00fcber die B 49 biegt man schr\u00e4g gegen\u00fcber von Winningen bei der Burgsch\u00e4nke ab und f\u00e4hrt zun\u00e4chst auf der L208 durch das wundersch\u00f6ne Kondertal Richtung Waldesch. Kurz bevor der Anstieg aufh\u00f6rt befindet sich auf der rechten Seite eine steile Rechtskurve, welche durch die letzte Schlucht vor Mariaroth und \u00fcber den Konderbach f\u00fchrt. Von Koblenz \/ oder der A 61 aus f\u00e4hrt man \u00fcber die B 327 bis nach Waldesch, wo man auf die Rhenser Stra\u00dfe abbiegt und anschlie\u00dfend durch den Ort f\u00e4hrt. Am Ende des Ortes befindet sich ein Kreisel. Hinter dem Kreisel befindet sich auf der linken Seite die Abzweigung durch das Kondertal, welche nach Mariaroth f\u00fchrt. Unsere Unterkunft liegt mitten im Herz von Mariaroth, direkt neben dem Dorfplatz des Ortes, welcher von der Kappelle und dem gro\u00dfen Kastanienbaum umgeben ist.<\/p>\n","protected":false},"author":1,"featured_media":0,"parent":0,"menu_order":0,"comment_status":"closed","ping_status":"closed","template":"","meta":{"footnotes":""},"class_list":["post-71","page","type-page","status-publish","hentry"],"yoast_head":"<!-- This site is optimized with the Yoast SEO plugin v27.5 - https:\/\/yoast.com\/product\/yoast-seo-wordpress\/ -->\n<title>Anfahrt - Roberts-Unterkunft<\/title>\n<meta name=\"robots\" content=\"index, follow, max-snippet:-1, max-image-preview:large, max-video-preview:-1\" \/>\n<link rel=\"canonical\" href=\"https:\/\/roberts-unterkunft.com\/?page_id=71\" \/>\n<meta property=\"og:locale\" content=\"de_DE\" \/>\n<meta property=\"og:type\" content=\"article\" \/>\n<meta property=\"og:title\" content=\"Anfahrt - Roberts-Unterkunft\" \/>\n<meta property=\"og:description\" content=\"Wegbeschreibung Unsere kleine Unterkunft befindet sich in der Waldstra\u00dfe 6 in 56332 Dieblich\/ Mariaroth im Hunsr\u00fcck. Von der Mosel kommend \u00fcber die B 49 biegt man schr\u00e4g gegen\u00fcber von Winningen bei der Burgsch\u00e4nke ab und f\u00e4hrt zun\u00e4chst auf der L208 durch das wundersch\u00f6ne Kondertal Richtung Waldesch. Kurz bevor der Anstieg aufh\u00f6rt befindet sich auf der rechten Seite eine steile Rechtskurve, welche durch die letzte Schlucht vor Mariaroth und \u00fcber den Konderbach f\u00fchrt. Von Koblenz \/ oder der A 61 aus f\u00e4hrt man \u00fcber die B 327 bis nach Waldesch, wo man auf die Rhenser Stra\u00dfe abbiegt und anschlie\u00dfend durch den Ort f\u00e4hrt. Am Ende des Ortes befindet sich ein Kreisel. Hinter dem Kreisel befindet sich auf der linken Seite die Abzweigung durch das Kondertal, welche nach Mariaroth f\u00fchrt. Unsere Unterkunft liegt mitten im Herz von Mariaroth, direkt neben dem Dorfplatz des Ortes, welcher von der Kappelle und dem gro\u00dfen Kastanienbaum umgeben ist.\" \/>\n<meta property=\"og:url\" content=\"https:\/\/roberts-unterkunft.com\/?page_id=71\" \/>\n<meta property=\"og:site_name\" content=\"Roberts-Unterkunft\" \/>\n<meta property=\"article:modified_time\" content=\"2020-04-29T21:34:08+00:00\" \/>\n<meta name=\"twitter:card\" content=\"summary_large_image\" \/>\n<meta name=\"twitter:label1\" content=\"Gesch\u00e4tzte Lesezeit\" \/>\n\t<meta name=\"twitter:data1\" content=\"1\u00a0Minute\" \/>\n<script type=\"application\/ld+json\" class=\"yoast-schema-graph\">{\"@context\":\"https:\\\/\\\/schema.org\",\"@graph\":[{\"@type\":\"WebPage\",\"@id\":\"https:\\\/\\\/roberts-unterkunft.com\\\/?page_id=71\",\"url\":\"https:\\\/\\\/roberts-unterkunft.com\\\/?page_id=71\",\"name\":\"Anfahrt - Roberts-Unterkunft\",\"isPartOf\":{\"@id\":\"https:\\\/\\\/roberts-unterkunft.com\\\/#website\"},\"datePublished\":\"2020-04-22T11:42:37+00:00\",\"dateModified\":\"2020-04-29T21:34:08+00:00\",\"breadcrumb\":{\"@id\":\"https:\\\/\\\/roberts-unterkunft.com\\\/?page_id=71#breadcrumb\"},\"inLanguage\":\"de\",\"potentialAction\":[{\"@type\":\"ReadAction\",\"target\":[\"https:\\\/\\\/roberts-unterkunft.com\\\/?page_id=71\"]}]},{\"@type\":\"BreadcrumbList\",\"@id\":\"https:\\\/\\\/roberts-unterkunft.com\\\/?page_id=71#breadcrumb\",\"itemListElement\":[{\"@type\":\"ListItem\",\"position\":1,\"name\":\"Startseite\",\"item\":\"https:\\\/\\\/roberts-unterkunft.com\\\/\"},{\"@type\":\"ListItem\",\"position\":2,\"name\":\"Anfahrt\"}]},{\"@type\":\"WebSite\",\"@id\":\"https:\\\/\\\/roberts-unterkunft.com\\\/#website\",\"url\":\"https:\\\/\\\/roberts-unterkunft.com\\\/\",\"name\":\"Roberts-Unterkunft\",\"description\":\"Just another WordPress site\",\"potentialAction\":[{\"@type\":\"SearchAction\",\"target\":{\"@type\":\"EntryPoint\",\"urlTemplate\":\"https:\\\/\\\/roberts-unterkunft.com\\\/?s={search_term_string}\"},\"query-input\":{\"@type\":\"PropertyValueSpecification\",\"valueRequired\":true,\"valueName\":\"search_term_string\"}}],\"inLanguage\":\"de\"}]}<\/script>\n<!-- \/ Yoast SEO plugin. -->","yoast_head_json":{"title":"Anfahrt - Roberts-Unterkunft","robots":{"index":"index","follow":"follow","max-snippet":"max-snippet:-1","max-image-preview":"max-image-preview:large","max-video-preview":"max-video-preview:-1"},"canonical":"https:\/\/roberts-unterkunft.com\/?page_id=71","og_locale":"de_DE","og_type":"article","og_title":"Anfahrt - Roberts-Unterkunft","og_description":"Wegbeschreibung Unsere kleine Unterkunft befindet sich in der Waldstra\u00dfe 6 in 56332 Dieblich\/ Mariaroth im Hunsr\u00fcck. Von der Mosel kommend \u00fcber die B 49 biegt man schr\u00e4g gegen\u00fcber von Winningen bei der Burgsch\u00e4nke ab und f\u00e4hrt zun\u00e4chst auf der L208 durch das wundersch\u00f6ne Kondertal Richtung Waldesch. Kurz bevor der Anstieg aufh\u00f6rt befindet sich auf der rechten Seite eine steile Rechtskurve, welche durch die letzte Schlucht vor Mariaroth und \u00fcber den Konderbach f\u00fchrt. Von Koblenz \/ oder der A 61 aus f\u00e4hrt man \u00fcber die B 327 bis nach Waldesch, wo man auf die Rhenser Stra\u00dfe abbiegt und anschlie\u00dfend durch den Ort f\u00e4hrt. Am Ende des Ortes befindet sich ein Kreisel. Hinter dem Kreisel befindet sich auf der linken Seite die Abzweigung durch das Kondertal, welche nach Mariaroth f\u00fchrt. Unsere Unterkunft liegt mitten im Herz von Mariaroth, direkt neben dem Dorfplatz des Ortes, welcher von der Kappelle und dem gro\u00dfen Kastanienbaum umgeben ist.","og_url":"https:\/\/roberts-unterkunft.com\/?page_id=71","og_site_name":"Roberts-Unterkunft","article_modified_time":"2020-04-29T21:34:08+00:00","twitter_card":"summary_large_image","twitter_misc":{"Gesch\u00e4tzte Lesezeit":"1\u00a0Minute"},"schema":{"@context":"https:\/\/schema.org","@graph":[{"@type":"WebPage","@id":"https:\/\/roberts-unterkunft.com\/?page_id=71","url":"https:\/\/roberts-unterkunft.com\/?page_id=71","name":"Anfahrt - Roberts-Unterkunft","isPartOf":{"@id":"https:\/\/roberts-unterkunft.com\/#website"},"datePublished":"2020-04-22T11:42:37+00:00","dateModified":"2020-04-29T21:34:08+00:00","breadcrumb":{"@id":"https:\/\/roberts-unterkunft.com\/?page_id=71#breadcrumb"},"inLanguage":"de","potentialAction":[{"@type":"ReadAction","target":["https:\/\/roberts-unterkunft.com\/?page_id=71"]}]},{"@type":"BreadcrumbList","@id":"https:\/\/roberts-unterkunft.com\/?page_id=71#breadcrumb","itemListElement":[{"@type":"ListItem","position":1,"name":"Startseite","item":"https:\/\/roberts-unterkunft.com\/"},{"@type":"ListItem","position":2,"name":"Anfahrt"}]},{"@type":"WebSite","@id":"https:\/\/roberts-unterkunft.com\/#website","url":"https:\/\/roberts-unterkunft.com\/","name":"Roberts-Unterkunft","description":"Just another WordPress site","potentialAction":[{"@type":"SearchAction","target":{"@type":"EntryPoint","urlTemplate":"https:\/\/roberts-unterkunft.com\/?s={search_term_string}"},"query-input":{"@type":"PropertyValueSpecification","valueRequired":true,"valueName":"search_term_string"}}],"inLanguage":"de"}]}},"jetpack_sharing_enabled":true,"_links":{"self":[{"href":"https:\/\/roberts-unterkunft.com\/index.php?rest_route=\/wp\/v2\/pages\/71","targetHints":{"allow":["GET"]}}],"collection":[{"href":"https:\/\/roberts-unterkunft.com\/index.php?rest_route=\/wp\/v2\/pages"}],"about":[{"href":"https:\/\/roberts-unterkunft.com\/index.php?rest_route=\/wp\/v2\/types\/page"}],"author":[{"embeddable":true,"href":"https:\/\/roberts-unterkunft.com\/index.php?rest_route=\/wp\/v2\/users\/1"}],"replies":[{"embeddable":true,"href":"https:\/\/roberts-unterkunft.com\/index.php?rest_route=%2Fwp%2Fv2%2Fcomments&post=71"}],"version-history":[{"count":6,"href":"https:\/\/roberts-unterkunft.com\/index.php?rest_route=\/wp\/v2\/pages\/71\/revisions"}],"predecessor-version":[{"id":282,"href":"https:\/\/roberts-unterkunft.com\/index.php?rest_route=\/wp\/v2\/pages\/71\/revisions\/282"}],"wp:attachment":[{"href":"https:\/\/roberts-unterkunft.com\/index.php?rest_route=%2Fwp%2Fv2%2Fmedia&parent=71"}],"curies":[{"name":"wp","href":"https:\/\/api.w.org\/{rel}","templated":true}]}}